 is divided by 253.
192
Calculate the remainder when 3366 is divided by 210.
6
Calculate the remainder when 10456 is divided by 18.
16
What is the remainder when 158 is divided by 20?
18
Calculate the remainder when 194 is divided by 59.
17
Calculate the remainder when 291 is divided by 63.
39
What is the remainder when 71341 is divided by 104?
101
What is the remainder when 259 is divided by 20?
19
What is the remainder when 61 is divided by 31?
30
What is the remainder when 107 is divided by 11?
8
What is the remainder when 64 is divided by 11?
9
Calculate the remainder when 257 is divided by 14.
5
Calculate the remainder when 12092 is divided by 144.
140
What is the remainder when 176 is divided by 50?
26
Calculate the remainder when 1056 is divided by 109.
75
Calculate the remainder when 967 is divided by 44.
43
Calculate the remainder when 5099 is divided by 34.
33
Calculate the remainder when 487 is divided by 5.
2
What is the remainder when 1418 is divided by 71?
69
Calculate the remainder when 256 is divided by 84.
4
Calculate the remainder when 75 is divided by 40.
35
What is the remainder when 257 is divided by 44?
37
Calculate the remainder when 54 is divided by 20.
14
Calculate the remainder when 115 is divided by 7.
3
What is the remainder when 41 is divided by 15?
11
Calculate the remainder when 475 is divided by 155.
10
What is the remainder when 47 is divided by 10?
7
Calculate the remainder when 2139 is divided by 21.
18
What is the remainder when 1210 is divided by 52?
14
What is the remainder when 73 is divided by 59?
14
Calculate the remainder when 257 is divided by 228.
29
Calculate the remainder when 624 is divided by 107.
89
What is the remainder when 40542 is divided by 16?
14
What is the remainder when 57 is divided by 37?
20
Calculate the remainder when 663 is divided by 7.
5
Calculate the remainder when 684 is divided by 641.
43
Calculate the remainder when 22 is divided by 18.
4
Calculate the remainder when 84 is divided by 9.
3
What is the remainder when 46 is divided by 8?
6
Calculate the remainder when 83 is divided by 43.
40
Calculate the remainder when 5921 is divided by 38.
31
What is the remainder when 58 is divided by 4?
2
Calculate the remainder when 189 is divided by 8.
5
Calculate the remainder when 1137 is divided by 12.
9
What is the remainder when 35277 is divided by 49?
46
What is the remainder when 384 is divided by 56?
48
Calculate the remainder when 301 is divided by 145.
11
What is the remainder when 117 is divided by 59?
58
Calculate the remainder when 159 is divided by 21.
12
What is the remainder when 132 is divided by 44?
0
What is the remainder when 537 is divided by 50?
37
What is the remainder when 27455 is divided by 81?
77
What is the remainder when 1271 is divided by 141?
2
Calculate the remainder when 51 is divided by 33.
18
What is the remainder when 807 is divided by 270?
267
What is the remainder when 220 is divided by 50?
20
Calculate the remainder when 4050 is divided by 68.
38
Calculate the remainder when 753 is divided by 62.
9
What is the remainder when 10164 is divided by 26?
24
Calculate the remainder when 1396 is divided by 54.
46
Calculate the remainder when 208 is divided by 30.
28
Calculate the remainder when 3205 is divided by 107.
102
What is the remainder when 943 is divided by 45?
43
Calculate the remainder when 140 is divided by 36.
32
What is the remainder when 359 is divided by 36?
35
Calculate the remainder when 658 is divided by 60.
58
Calculate the remainder when 117 is divided by 32.
21
Calculate the remainder when 1927 is divided by 8.
7
What is the remainder when 15287 is divided by 56?
55
What is the remainder when 42 is divided by 11?
9
Calculate the remainder when 208 is divided by 18.
10
Calculate the remainder when 12832 is divided by 69.
67
Calculate the remainder when 5750 is divided by 442.
4
Calculate the remainder when 4972 is divided by 38.
32
What is the remainder when 102 is divided by 19?
7
Calculate the remainder when 399 is divided by 50.
49
What is the remainder when 286 is divided by 7?
6
Calculate the remainder when 627 is divided by 77.
11
What is the remainder when 337 is divided by 13?
12
Calculate the remainder when 261 is divided by 24.
21
What is the remainder when 744 is divided by 13?
3
Calculate the remainder when 5910 is divided by 2949.
12
Calculate the remainder when 1349 is divided by 26.
23
What is the remainder when 180 is divided by 61?
58
What is the remainder when 196 is divided by 27?
7
Calculate the remainder when 336 is divided by 85.
81
What is the remainder when 322 is divided by 61?
17
Calculate the remainder when 43 is divided by 5.
3
Calculate the remainder when 1722 is divided by 144.
138
What is the remainder when 152 is divided by 92?
60
Calculate the remainder when 1510 is divided by 69.
61
Calculate the remainder when 65 is divided by 45.
20
Calculate the remainder when 92 is divided by 12.
8
What is the remainder when 52 is divided by 26?
0
What is the remainder when 370 is divided by 93?
91
What is the remainder when 491 is divided by 71?
65
What is the remainder when 1557 is divided by 87?
78
Calculate the remainder when 193 is divided by 191.
2
What is the remainder when 250 is divided by 44?
30
What is the remainder when 331 is divided by 37?
35
What is the remainder when 4256 is divided by 21?
14
Calculate the remainder when 625 is divided by 329.
296
What is the remainder when 51643 is divided by 17?
14
What is the remainder when 352 is divided by 59?
57
Calculate the remainder when 872 is divided by 20.
12
Calculate the remainder when 1001 is divided by 995.
6
Calculate the remainder when 57 is divided by 33.
24
Calculate the remainder when 1028 is divided by 62.
36
Calculate the remainder when 149 is divided by 30.
29
What is the remainder when 1002 is divided by 332?
6
Calculate the remainder when 32638 is divided by 127.
126
What is the remainder when 1278 is divided by 64?
62
Calculate the remainder when 14664 is divided by 17.
10
Calculate the remainder when 628 is divided by 61.
18
What is the remainder when 693 is divided by 688?
5
What is the remainder when 277 is divided by 79?
40
Calculate the remainder when 630 is divided by 340.
290
What is the remainder when 87 is divided by 30?
27
Calculate the remainder when 6049 is divided by 23.
0
What is the remainder when 145 is divided by 46?
7
Calculate the remainder when 215 is divided by 31.
29
What is the remainder when 102 is divided by 67?
35
What is the remainder when 224 is divided by 74?
2
Calculate the remainder when 1475 is divided by 7.
5
What is the remainder when 2627 is divided by 19?
5
What is the remainder when 85 is divided by 19?
9
What is the remainder when 211 is divided by 53?
52
Calculate the remainder when 689 is divided by 340.
9
What is the remainder when 106 is divided by 63?
43
Calculate the remainder when 105 is divided by 53.
52
Calculate the remainder when 612 is divided by 159.
135
What is the remainder when 63 is divided by 8?
7
Calculate the remainder when 510 is divided by 33.
15
What is the remainder when 37 is divided by 10?
7
Calculate the remainder when 274 is divided by 12.
10
What is the remainder when 14455 is divided by 104?
103
Calculate the remainder when 50 is divided by 50.
0
What is the remainder when 28 is divided by 17?
11
What is the remainder when 391 is divided by 56?
55
Calculate the remainder when 158 is divided by 15.
8
What is the remainder when 174 is divided by 172?
2
Calculate the remainder when 335 is divided by 34.
29
Calculate the remainder when 241 is divided by 31.
24
What is the remainder when 236 is divided by 27?
20
What is the remainder when 4679 is divided by 39?
38
Calculate the remainder when 3071 is divided by 24.
23
What is the remainder when 46 is divided by 39?
7
Calculate the remainder when 2711 is divided by 113.
112
Calculate the remainder when 3494 is divided by 15.
14
Calculate the remainder when 4690 is divided by 392.
378
Calculate the remainder when 822 is divided by 119.
108
What is the remainder when 2721 is divided by 33?
15
What is the remainder when 264 is divided by 55?
44
What is the remainder when 175 is divided by 167?
8
What is the remainder when 881 is